 + 78. What are the prime factors of s(-3)?
3, 373
Let i(r) = 3*r**2 + 46*r + 18. Let h be i(-15). Suppose x - 472 = -x. Suppose -h*p + x = p. What are the prime factors of p?
59
Suppose -4*l + 0 - 12 = 0. Let a(m) = -8*m**3 - 4*m**2 + m + 6. List the prime factors of a(l).
3, 61
Suppose 4*i - d + 8218 = 8*i, 0 = -2*d - 4. What are the prime factors of i?
3, 5, 137
Let x(w) = 7*w**2 - 6*w - 11. What are the prime factors of x(8)?
389
Let y = 51 - 46. Suppose 0 = 4*c - 2*j - 186, -y*j = 2*c - 5*c + 136. List the prime factors of c.
47
Let i be 6/(-9) + 8/3. Suppose 0 = 3*t + i*u - 29, -5*t = -u + 6*u - 40. What are the prime factors of t?
13
Suppose 2*d + 15 = 3*w, -1 + 16 = d + 3*w. Let a be (d - -1) + 2 - -39. Suppose 2*c + a - 174 = 0. List the prime factors of c.
2, 3, 11
Let t be 0/(1 - 0/(-1)). Let r(x) = x + 48. What are the prime factors of r(t)?
2, 3
Let y(n) = n + 1. Let z(s) = 57*s**3 - s**2 + 2*s + 2. Let j(r) = y(r) - z(r). List the prime factors of j(-1).
2, 29
Suppose -2*l - 2*l = -76. Let d(q) = 12*q**2 - l*q - q**3 + 0 + 1 + 23*q. What are the prime factors of d(12)?
7
Let j = -1570 + 2639. What are the prime factors of j?
1069
Let d be (-5)/35*-26 - (-2)/7. Suppose 58 = 3*r + 5*m, 0 = 4*r - 0*m - d*m - 120. List the prime factors of r.
2, 13
Let x = 21 - 59. Let u be (-2055)/(-40) + (-39)/104. Let i = u + x. What are the prime factors of i?
13
Let p(r) be the third derivative of 235*r**4/24 + r**3/3 + 25*r**2. List the prime factors of p(1).
3, 79
Let s = -20 - -21. List the prime factors of -12*(6/4)/(s/(-9)).
2, 3
Suppose 22 + 53 = 5*a + s, 2*s + 60 = 4*a. Let h be 2/19 - 2620/(-380). Suppose -h = -2*b + a. What are the prime factors of b?
11
Suppose -g + 325 = j + 2*j, -4*j - 1568 = -5*g. List the prime factors of g.
2, 79
Suppose -2*u + 4*v + 1620 = 2*u, -1220 = -3*u - 2*v. What are the prime factors of u?
2, 7, 29
Let c(u) = u + 6. Let r be c(-11). Let q = r + 8. Suppose -68 = -q*b + x - 2*x, -3*b + 74 = 4*x. What are the prime factors of b?
2, 11
Let q(a) = 4 + 15*a**2 - 16*a**2 - 4. Let s(k) = k**2 - 10*k - 4. Let i(j) = 2*q(j) + s(j). What are the prime factors of i(-9)?
5
What are the prime factors of ((-14)/(-4) + -6)*-362?
5, 181
Suppose 0 = -a - 26*a + 37368. What are the prime factors of a?
2, 173
Suppose -4*z = -a - 4*a - 11034, 3*z - 4*a = 8275. What are the prime factors of z?
11, 251
Let w = -29 + 32. Let z(g) = g + 3. Let a be z(w). Suppose -2*h + a*h - 164 = 0. What are the prime factors of h?
41
Suppose h - 2425 = -3*n, n = h - 164 + 967. What are the prime factors of n?
3, 269
Let k(d) = -33*d - 17. Suppose 0 = -4*x + 3*x - i + 5, 3*i - 5 = -x. Let h be k(x). List the prime factors of 4/12*(4 - h).
2, 31
Suppose 5*h = 881 + 629. List the prime factors of h.
2, 151
Suppose -2*y - 2*y + 12 = 0. Suppose -o + 5 - 2 = 0. Suppose y*d - 2*g - 71 = 0, 119 = -d + 6*d - o*g. List the prime factors of d.
5
Suppose 4*p - 1902 = -a, 0 = -2*p + 5*a - 2*a + 958. List the prime factors of p.
2, 7, 17
Suppose 1760 = 4*o + 5*y, -481 = -4*o + 4*y + 1279. What are the prime factors of o?
2, 5, 11
Let h = -1114 - -3091. What are the prime factors of h?
3, 659
Let s = -12 + 13. Suppose f - s = -y, 0 = 3*y + 2*y + 20. Suppose -w + 2*v - v = -16, -f*v = -5. List the prime factors of w.
17
Let a(v) = -175*v**3 + v + 2. Let x be a(-1). List the prime factors of x/6*1*6.
2, 11
Let y = 801 + -211. What are the prime factors of y?
2, 5, 59
Suppose -536 = -5*o + r - 183, -81 = -o - 5*r. Let u = o - 109. Let c = -22 - u. List the prime factors of c.
2
Let t be (2 + 16)*-1 - -3. Let a = 17 + t. Suppose i = -a*i + 189. List the prime factors of i.
3, 7
Suppose -5*p + 4*c - 117 = 28, 4*p + 3*c + 116 = 0. Let l = 53 - p. What are the prime factors of l?
2, 41
Suppose 0 = 20*q - 16527 - 13233. List the prime factors of q.
2, 3, 31
Suppose -1 = -3*q - 3*d + 20, -3*q - 5*d = -23. Suppose q*f = -0*f + 54. What are the prime factors of f?
3
Suppose 1149 + 633 = 2*y. List the prime factors of y.
3, 11
Let s be (96/10)/(21/560). Suppose -9*p = -s - 149. List the prime factors of p.
3, 5
What are the prime factors of (-168)/15*((-117)/6 + -3)?
2, 3, 7
Let l(g) = 2*g**2 - 3*g - 8. Let z be l(8). Suppose 2*p - z = -2*p. Suppose 3*j = 24 + p. List the prime factors of j.
2
Let l(k) be the first derivative of -k**3/3 - 17*k**2/2 + 20*k - 4. Let v be 6/(2/10*-2). List the prime factors of l(v).
2, 5
Let s(k) = -21*k - 1. Let t(o) = -o**3 - 3*o - 1 + 0*o**2 - 3*o**2 + 7*o. Let n be t(-4). What are the prime factors of s(n)?
2, 5
Let c = 16 + -14. Let u(g) = 8*g - 4*g**c + 0*g**2 - 11 + 5*g**2 + 7. What are the prime factors of u(-11)?
29
Suppose 5*b = -2*d - 340, b + 0*b + 896 = -5*d. Let p = -41 - d. Suppose 5*c = g + 313, -c = c - 5*g - p. List the prime factors of c.
2, 31
Suppose -5*x - 4*j = -4120, x = 4*j - 225 + 1073. What are the prime factors of x?
2, 3, 23
List the prime factors of ((-297)/132)/((-1866)/1864 - -1).
3, 233
Suppose -3*u + 3703 = u - 5*a, -3*a + 2811 = 3*u. What are the prime factors of u?
2, 233
Let b = -6 + 6. Suppose x - 6 = 3*t, -3*x = -b*t + 5*t - 4. Suppose x*s + 2*d - 132 = -2, 0 = -2*d + 4. What are the prime factors of s?
2, 3, 7
Suppose 6*o - 8 = 10*o. What are the prime factors of 4/6*271 - o/6?
181
Let m(s) = -7*s + 2160*s**2 - 2182*s**2 + 12 + 29*s - s**3. List the prime factors of m(-23).
5, 7
Let t(j) = 672*j - 56. List the prime factors of t(1).
2, 7, 11
Let t = -9 - 0. Let m(h) = -26*h - 9. Let y be m(-1). Let b = y + t. What are the prime factors of b?
2
Let a(h) be the second derivative of 10*h**4 + 2*h**3/3 - 5*h**2/2 - 22*h. List the prime factors of a(1).
7, 17
Suppose 19*b + 0*b = 4484. Suppose 471 = 2*h + 3*q, -3*h = q - b - 474. List the prime factors of h.
3, 79
Suppose 8*s = 68 + 876. List the prime factors of s.
2, 59
Suppose 7*s + 41 + 344 = 0. Let j = -50 - s. List the prime factors of j.
5
Let b be 2/3 + 240/18. Suppose 13*l - b*l = -72. Suppose l = -k + 4*k. List the prime factors of k.
2, 3
Let k = -245 - -595. What are the prime factors of k?
2, 5, 7
Let x be (-2)/3 - 18550/(-42). Suppose -x + 149 = -2*b. What are the prime factors of b?
2, 73
List the prime factors of (-11006)/(-6) + -1 + (-2)/6.
3, 13, 47
Suppose z - 6*z - 370 = -2*v, 4*z + 716 = 4*v. What are the prime factors of v?
5, 7
Suppose 6 = 5*j - 3*j. Let r be (-19 + j)*(-2 - -4). Let s = 59 + r. List the prime factors of s.
3
Let l(c) = -c**3 - 5*c**2 + 7*c. Let k be l(-6). Let n be 72/k*(-10)/8. Suppose -5*m = -n - 50. What are the prime factors of m?
13
Suppose 2*p = -10, 2*o + 0*p + 2*p + 58 = 0. Let i = 30 + o. List the prime factors of 247/5 + i/(-15).
7
Suppose -51*n + 56*n - 1540 = 0. What are the prime factors of -2 - (-27)/(-2)*n/(-33)?
2, 31
Suppose -2*o + 502 = 34. Suppose 4*a - o = 2*w, -269 = -4*a - 0*a - 5*w. What are the prime factors of a?
61
Suppose -37*m = -46*m + 3141. What are the prime factors of m?
349
Let q(b) = -b**2 + 6*b - 6. Let f be q(3). Suppose 373 = f*u + 4*y, 2*u + 2*y = 6*u - 534. Suppose 179 = 5*g - u. What are the prime factors of g?
2, 31
Suppose 3*n - 3*x = 9, -4*x + 8 = 5*n - 7. Suppose 4*k - 11 = n*f + 84, 0 = -4*k - f + 107. List the prime factors of k.
2, 13
Let v(m) = 223*m + 7. List the prime factors of v(7).
2, 7
Let t(f) = 4*f**3 + f**2. Let v = -36 + 37. What are the prime factors of t(v)?
5
Let g(a) = -a**2 + 5*a + 3. Let x be g(5). Suppose 2*r - 4*r + h + 174 = 0, 0 = -x*h. What are the prime factors of r?
3, 29
Let l = -1425 - -1527. What are the prime factors of l?
2, 3, 17
Let m = -5 + 8. Let s be (2 - m)/((-5)/25). Suppose 0*p + s*p = 310. What are the prime factors of p?
2, 31
Let q(v) = v**2 - 3 - 3 + 7 - v - 3. Suppose -2*f = m + 6, 6*m - 5*f + 7 = 3*m. What are the prime factors of q(m)?
2, 3
List the prime factors of ((-2270)/(-20))/(13/78).
3, 227
Let f = 862 - 446. List the prime factors of f.
2, 13
Let l be (-528)/(-110) + 8/(-10). Suppose -l*k + 860 = a, -a + 3*a + 1088 = 5*k. List the prime factors of k.
2, 3
Suppose 7*b - 351 = 10*b. Let a = 232 + b. What are the prime factors of a?
5, 23
Let o(q) = 1996*q - 314. What are the prime factors of o(2)?
2, 3, 613
Let w be 30 + (2 - 3) - 1. Suppose 33 = 2*k + z, -z = 2*k - 5*z - w. What are the prime factors of k?
2
Let q(x